 - 3*n + 8281. Is d a prime number?
False
Let n be -1 - ((-22)/2 - -2). Let q(w) = -3*w**3 - 12*w**2 - 21*w - 22. Let h(g) = -5*g**3 - 18*g**2 - 32*g - 33. Let v(k) = -5*h(k) + 8*q(k). Is v(n) prime?
True
Let o(v) = 10980*v + 87. Is o(2) prime?
False
Let q = -28968 + 40565. Is q prime?
True
Let s(y) = 181*y**3 + y**2 - 3*y + 6. Let r be s(2). Suppose r - 5706 = -6*u. Is u composite?
False
Let s(f) = f**3 - 10*f**2 - 7*f - 11. Let h be s(11). Let o(k) = 2*k - h*k - 4 - 2. Is o(-5) a prime number?
True
Let d(m) = -m**3 + 10*m**2 - 5. Suppose -2*z - 4*u + 14 = 3*z, 5*z - 5*u - 50 = 0. Suppose -5*o - 2*k = -z*k - 36, 2*k + 8 = 0. Is d(o) a prime number?
False
Let g(n) = -n**3 + 4*n**2 + 2*n - 5. Suppose 0 = 3*p - 10 - 2. Let h be g(p). Suppose 0 = -s - 5*l + 42, 0 = -5*s + h*l + 134 + 216. Is s a prime number?
True
Let d(i) be the first derivative of 21*i**4/2 - i**3/3 - i**2/2 - 11*i - 1. Let y(g) be the first derivative of d(g). Is y(-1) a composite number?
False
Let g = 1811 - -516. Is g a prime number?
False
Suppose 0 = 10*j + 84068 - 455238. Is j a prime number?
True
Let r = -134132 + 316111. Is r a composite number?
True
Suppose 8*j - 2*i = 3*j + 30083, 0 = -4*j + 3*i + 24065. Is j a composite number?
True
Suppose 25*s = 20*s + 6205. Is s a composite number?
True
Let j(v) = 6*v + 1. Let k be j(3). Let s = 19 - k. Is 7 + 61 + 1 + s a prime number?
False
Suppose 0 = 5*d - 4*q - 596, 2*q = 3*d - q - 357. Suppose 0 = -5*u - u - d. Is (-5)/(u/1126)*2 a prime number?
True
Suppose -4*p - 5307 = -3*j, -22*p - 1780 = -j - 17*p. Is j a prime number?
False
Let m(r) = r**2 + 0*r + r + 2 - 2*r. Let p = -30 - -22. Is m(p) composite?
True
Suppose 5*j = -3*o + 10346, -4*j = o - 2*o + 3477. Is o a composite number?
False
Let d = -581 + 1216. Is d prime?
False
Let l = 12 - 16. Let j(w) = -w**3 - 3*w**2 + 4*w - 3. Let y be j(l). Let a = y - -10. Is a a prime number?
True
Let o be (-35 - 3)*(-1060)/8. Suppose 3*f - 2014 = -2*t, f + o = 5*t + 2*f. Is t a prime number?
False
Suppose 119*t - 111*t - 461608 = 0. Is t composite?
True
Let h = -3957 - -7094. Is h composite?
False
Suppose 0 = 2*z - 61246 + 14324. Is z composite?
True
Suppose 4*r = r + 15. Suppose 11 = r*t - 24. Suppose 4*g - 7196 = -4*o, 2*o - g = t*o - 8979. Is o prime?
False
Let d(u) = 7*u**2 - 1. Let c be d(1). Suppose 0*n = -n - c. Is (n/12)/((-2)/556) a composite number?
False
Let o(l) be the third derivative of -l**4/12 + 7*l**2. Let g be o(0). Suppose g = -0*m + m - 641. Is m composite?
False
Let k(n) = n**3 + 16*n**2 + 6*n - 8. Suppose 4*i - 17 + 89 = 0. Let g be i/30 + 144/(-10). Is k(g) a composite number?
False
Suppose -6*w - 21 + 153 = 0. Suppose 4*j + 3*l = 1211, -3*j - l + 929 = w. Is j prime?
False
Suppose -2*n = o + 990, 0 = -3*n + o - 5*o - 1490. Let d = -243 - n. Is d composite?
False
Let g be (-6)/((-1)/(-1)) - -1. Let p = 24 + 0. Let o = p + g. Is o a composite number?
False
Let n(k) = 4*k**2 + 4*k - 37. Let w(m) = -5*m**2 - 4*m + 36. Let v(a) = 3*n(a) + 2*w(a). Is v(-16) composite?
False
Suppose -j + 16 = 5*l, -3*l + 20 = l - j. Suppose 2*y + l*y = 1986. Is y composite?
False
Let d(h) = -3*h**3 + 25*h**2 - 41*h + 92. Is d(-21) a prime number?
True
Let c(g) = -6*g**3 - 2*g**2 + 6*g + 7. Let x be (-75)/(-27) - (-6)/27. Let b be (x + -2)/(3/(-12)). Is c(b) composite?
True
Let g = -2161 + 3528. Is g a prime number?
True
Let o(i) = -11*i + 4. Let w(x) = -x**2 - 7*x + 5. Let d be w(-8). Is o(d) a composite number?
False
Let o = 1288 - 1992. Let c = o - -1371. Is c prime?
False
Suppose 3 = f - 2*q, 20 = -4*f - 3*q - 1. Is 2295 + (-2)/(-4)*24/f a prime number?
False
Suppose -18 - 14 = -4*y. Let n = -3 + y. Suppose 3*c - 377 = n*x, 4*x = 4*c + 5*x - 472. Is c a prime number?
False
Let c(o) = 5*o**2 + 9*o + 2. Let k(b) = b. Let v(n) = c(n) - 2*k(n). Let q be v(-5). Suppose -5*x + 4*g = 25 - q, -2*x + 13 = 3*g. Is x a composite number?
False
Suppose 2*u - 3546 = -u. Suppose 0*w + u = 3*w. Suppose 0 = -4*s - w + 1238. Is s prime?
True
Let c be 5/2*(1 + 1). Is 1216 - (c + -1 + -1) composite?
False
Suppose -18 = -6*b + 90. Let l be (-3)/((-1)/(-6)*2). Is 519/2 + l/b prime?
False
Let g = 313 - -301. Is g a prime number?
False
Suppose 4*u = 4*l + 552, -u + 2*l = -68 - 71. Suppose -240 = -n + u. Is n prime?
False
Suppose 194*b = 220*b - 189566. Is b a composite number?
True
Is (2/(-4))/(5 + 138117/(-27622)) a prime number?
True
Suppose -25553 = -4*v + 3*k + 5402, 0 = -4*v - 4*k + 30948. Let w be v/6 + 2/(-3). Suppose 5*d = 2*r - 528, 5*r + 4*d = d + w. Is r prime?
False
Let r = 1 + 4. Suppose r*w - 20 = -5. Suppose 5*o - 119 = -q + 43, w = -o. Is q a prime number?
False
Suppose 2*w - 168 = -2*r, 0 = 4*r - 5*w - 91 - 263. Let n = r - -135. Is n prime?
False
Suppose 2*a = 2*m - 48638, 0 = -3*m + 8*m + 3*a - 121579. Is m composite?
False
Suppose 5*g = 7*g. Suppose g = 6*n - 2*n + 316. Let f = 198 + n. Is f a prime number?
False
Let p = -42 + 44. Suppose 5*l - 1630 - 2358 = -k, -5*l + 3979 = -p*k. Is l a prime number?
True
Let i(a) = a - 10. Let w be i(-10). Let t be 2 + 5/(w/8). Suppose -1595 = -5*d - t*d + 4*r, -313 = -d + 2*r. Is d a composite number?
True
Suppose 2*h = 19 - 3. Let v = h - 4. Suppose v*o = t + 3007, 0*o + 4*t + 763 = o. Is o composite?
False
Suppose -j - j - 50 = -4*h, -2*h - j + 15 = 0. Suppose h = n + n + g, 3*g - 12 = 0. Is n - (-3)/(-1) - -53 a composite number?
False
Suppose 5*m + 880 = m. Let x be -2 + 9/((-18)/m). Let n = 219 - x. Is n prime?
False
Let x(f) = -f + 5. Let z be x(3). Suppose m = -z*m. Suppose -3*p + 993 = -m*p. Is p a composite number?
False
Let s be (-12)/72 + 433/6. Let k = -133 + 314. Let y = s + k. Is y a composite number?
True
Suppose 56 = -2*d + 4*d. Is (-1179)/(-7) - d/(-49) composite?
True
Suppose -39*u + 45653 = 1115. Is u a composite number?
True
Let y be 1 + -3 + 2 + 153. Let j = y - 89. Let w = 419 - j. Is w prime?
False
Let d = 48 + -48. Suppose d = 5*a + p - 2503, -5*a + 2509 = p - 3*p. Is a composite?
True
Let i(u) = -2089*u - 572. Is i(-7) composite?
False
Let x be 0/(4*(-1)/2). Let y = 3 + x. Is 33 + (-1 + y - 4) a composite number?
False
Let h = -3348 + 7007. Is h a prime number?
True
Let u(a) = 71*a - 33*a + 35*a - 7 + 17*a. Is u(6) composite?
True
Let h(t) = 1064 + 10*t - 2*t - 1063. Is h(8) a prime number?
False
Let x(m) = -m**3 + 3*m**2 - 4. Let w be x(3). Let y(s) = -78*s + 7. Is y(w) a composite number?
True
Let a = 9653 + -2502. Is a prime?
True
Let f = 7422 - -31. Is f a composite number?
True
Suppose 0 = -3*r + 9, -5*z - 5 = -3*r - 426. Is z/3*(-231)/(-22) a prime number?
False
Is -2 + 12/6 - (1 + -3084) prime?
True
Let s(r) = -28*r + 1. Suppose -3*u + 35 = 5*v, 6*u + 5*v = 2*u + 40. Suppose -18 = u*m - 3*m. Is s(m) a prime number?
False
Suppose 3*d = -y + 17, -3*d + 6*y = 3*y + 3. Suppose x = h - 232, -167 = d*h + 4*x - 1135. Is h a prime number?
False
Let k be (-2)/14 + (-8)/(-56). Suppose 2*b + 2250 = 2*m - k*b, -4502 = -4*m + 2*b. Is m a prime number?
False
Suppose 2*r + 0 = -2. Is 653 - (-6 - (r - 3)) a prime number?
False
Let n be (-4)/(-3) - 6/(-9). Suppose -20*o - 71 = -21*o. Suppose -o = -3*j + n*j. Is j prime?
True
Suppose -3*k + 0*k = -12954. Suppose 0 = -5*z + k + 2772. Is z prime?
False
Suppose 284*s = k + 279*s - 82902, -5*k - 5*s + 414540 = 0. Is k a prime number?
False
Let u(z) = -173*z**2 - 6*z - 2. Let v be u(-4). Suppose 4*l - 16509 = -3*j, 4134 = l + 7*j - 4*j. Let c = v + l. Is c a prime number?
False
Let n be ((-284)/5)/((-6)/15). Let u = -93 + 6. Let x = u + n. Is x a prime number?
False
Let s(h) = h**2 - 3*h + 3. Let c be s(-3). Let y be 98/c*(-12)/(-14). Suppose -y*m = 3*g - 176 - 414, -5*g - 10 = 0. Is m a composite number?
False
Let p(u) = u**3 - 16*u**2 + u - 12. Let v be p(16). Let c(z) = 13*z**2 + z**2 - 6*z + v*z + z**3 - 6*z + 15. Is c(-14) a composite number?
False
Let d(h) = -2*h - 7. Let p be d(-6). Suppose 5*b + 5*k - 10 = 0, -b - 3*k + 20 = -p*b. Is (-3310)/(-5)*(-1)/b composite?
False
Suppose w + w + 6 = 0, x + 42429 = 4*w. Is (-4)/22 + x/(-77) a composite number?
True
Suppose 0 = 24*s - 48165 - 37203. Is s composite?
False
Let z be (-40)/(-4) + 1 - 1. Let b be 30/z*(-122)/(-3). Let k = b - 69. Is k prime?
True
Suppose u - 146 - 42 = 0. Let c = 2632 + -1388. Suppose -4*b = -u - c. Is b a prim